ctors of 4027?
4027
List the prime factors of 812.
2, 7, 29
List the prime factors of 465.
3, 5, 31
What are the prime factors of 17395?
5, 7, 71
What are the prime factors of 12396?
2, 3, 1033
What are the prime factors of 529?
23
List the prime factors of 7538.
2, 3769
List the prime factors of 5322.
2, 3, 887
What are the prime factors of 19354?
2, 9677
What are the prime factors of 1657?
1657
List the prime factors of 701.
701
List the prime factors of 123760.
2, 5, 7, 13, 17
What are the prime factors of 20687?
137, 151
What are the prime factors of 71182?
2, 35591
What are the prime factors of 16631?
16631
List the prime factors of 5699.
41, 139
List the prime factors of 89777.
17, 5281
List the prime factors of 5427.
3, 67
List the prime factors of 28941.
3, 11, 877
List the prime factors of 8351.
7, 1193
What are the prime factors of 508?
2, 127
What are the prime factors of 6046?
2, 3023
List the prime factors of 1773.
3, 197
List the prime factors of 841.
29
List the prime factors of 331.
331
What are the prime factors of 408?
2, 3, 17
List the prime factors of 77872.
2, 31, 157
What are the prime factors of 20051?
20051
What are the prime factors of 4044?
2, 3, 337
List the prime factors of 891.
3, 11
List the prime factors of 5219.
17, 307
What are the prime factors of 20537?
11, 1867
List the prime factors of 926.
2, 463
What are the prime factors of 5710?
2, 5, 571
What are the prime factors of 4792?
2, 599
List the prime factors of 66457.
66457
List the prime factors of 1783.
1783
What are the prime factors of 10469?
19, 29
What are the prime factors of 26420?
2, 5, 1321
What are the prime factors of 561?
3, 11, 17
List the prime factors of 3522.
2, 3, 587
What are the prime factors of 73920?
2, 3, 5, 7, 11
What are the prime factors of 2100?
2, 3, 5, 7
List the prime factors of 19675.
5, 787
List the prime factors of 16065.
3, 5, 7, 17
List the prime factors of 4319.
7, 617
List the prime factors of 271.
271
What are the prime factors of 22348?
2, 37, 151
What are the prime factors of 13696?
2, 107
List the prime factors of 6126.
2, 3, 1021
List the prime factors of 247.
13, 19
List the prime factors of 1542.
2, 3, 257
What are the prime factors of 30227?
167, 181
What are the prime factors of 26401?
17, 1553
List the prime factors of 15190.
2, 5, 7, 31
What are the prime factors of 1347?
3, 449
What are the prime factors of 31395?
3, 5, 7, 13, 23
What are the prime factors of 11482?
2, 5741
What are the prime factors of 7029?
3, 11, 71
List the prime factors of 46040.
2, 5, 1151
What are the prime factors of 3166?
2, 1583
What are the prime factors of 35888?
2, 2243
List the prime factors of 7946.
2, 29, 137
List the prime factors of 2039.
2039
What are the prime factors of 125254?
2, 62627
What are the prime factors of 13131?
3, 1459
What are the prime factors of 44659?
17, 37, 71
List the prime factors of 5400.
2, 3, 5
What are the prime factors of 603?
3, 67
List the prime factors of 5444.
2, 1361
What are the prime factors of 31217?
19, 31, 53
What are the prime factors of 5527?
5527
List the prime factors of 61507.
61507
List the prime factors of 25510.
2, 5, 2551
List the prime factors of 2278.
2, 17, 67
What are the prime factors of 168?
2, 3, 7
List the prime factors of 118.
2, 59
What are the prime factors of 65113?
19, 23, 149
List the prime factors of 393.
3, 131
List the prime factors of 22056.
2, 3, 919
What are the prime factors of 586?
2, 293
What are the prime factors of 3019?
3019
List the prime factors of 972.
2, 3
List the prime factors of 985.
5, 197
What are the prime factors of 10687?
10687
What are the prime factors of 485?
5, 97
List the prime factors of 23850.
2, 3, 5, 53
What are the prime factors of 1300?
2, 5, 13
List the prime factors of 9908.
2, 2477
List the prime factors of 13695.
3, 5, 11, 83
What are the prime factors of 133187?
133187
What are the prime factors of 29257?
17, 1721
What are the prime factors of 227?
227
List the prime factors of 66945.
3, 5, 4463
What are the prime factors of 123994?
2, 13, 19, 251
What are the prime factors of 2093?
7, 13, 23
List the prime factors of 52606.
2, 29, 907
What are the prime factors of 639?
3, 71
List the prime factors of 49.
7
What are the prime factors of 35556?
2, 3, 2963
List the prime factors of 7203.
3, 7
What are the prime factors of 7943?
13, 47
What are the prime factors of 593?
593
What are the prime factors of 1578?
2, 3, 263
What are the prime factors of 4802?
2, 7
What are the prime factors of 36756?
2, 3, 1021
List the prime factors of 33844.
2, 8461
List the prime factors of 6903.
3, 13, 59
List the prime factors of 2128.
2, 7, 19
What are the prime factors of 2116?
2, 23
What are the prime factors of 6436?
2, 1609
List the prime factors of 64554.
2, 3, 7, 29, 53
List the prime factors of 2555.
5, 7, 73
List the prime factors of 253.
11, 23
List the prime factors of 1164.
2, 3, 97
What are the prime factors of 2104?
2, 263
List the prime factors of 83152.
2, 5197
List the prime factors of 6043.
6043
What are the prime factors of 77794?
2, 97, 401
What are the prime factors of 38616?
2, 3, 1609
List the prime factors of 4349.
4349
List the prime factors of 10818.
2, 3, 601
List the prime factors of 100501.
100501
What are the prime factors of 400?
2, 5
What are the prime factors of 12082?
2, 7, 863
What are the prime factors of 91565?
5, 18313
List the prime factors of 53421.
3, 17807
List the prime factors of 3638.
2, 17, 107
List the prime factors of 30.
2, 3, 5
What are the prime factors of 6285?
3, 5, 419
What are the prime factors of 576?
2, 3
List the prime factors of 2379.
3, 13, 61
What are the prime factors of 31267?
31267
What are the prime factors of 3307?
3307
List the prime factors of 11276.
2, 2819
What are the prime factors of 33150?
2, 3, 5, 13, 17
List the prime factors of 201.
3, 67
What are the prime factors of 69397?
29, 2393
List the prime factors of 25943.
25943
What are the prime factors of 1576?
2, 197
List the prime factors of 1392.
2, 3, 29
List the prime factors of 2922.
2, 3, 487
List the prime factors of 29491.
7, 11, 383
What are the prime factors of 42850?
2, 5, 857
List the prime factors of 1065.
3, 5, 71
List the prime factors of 1478.
2, 739
List the prime factors of 10310.
2, 5, 1031
What are the prime factors of 9464?
2, 7, 13
List the prime factors of 1202.
2, 601
List the prime factors of 120313.
23, 5231
List the prime factors of 4671.
3, 173
What are the prime factors of 44131?
44131
List the prime factors of 16669.
79, 211
What are the prime factors of 32970?
2, 3, 5, 7, 157
List the prime factors of 17585.
5, 3517
What are the prime factors of 60351?
3, 20117
List the prime factors of 38.
2, 19
What are the prime factors of 862?
2, 431
List the prime factors of 316.
2, 79
What are the prime factors of 126148?
2, 11, 47, 61
List the prime factors of 41605.
5, 53, 157
List the prime factors of 1002.
2, 3, 167
What are the prime factors of 74580?
2, 3, 5, 11, 113
What are the prime factors of 134057?
7, 11, 1741
List the prime factors of 2903.
2903
What are the prime factors of 41680?
2, 5, 521
List the prime factors of 11263.
7, 1609
List the prime factors of 12111.
3, 11, 367
What are the prime factors of 12155?
5, 11, 13, 17
What are the prime factors of 4089?
3, 29, 47
List the prime factors of 2149.
7, 307
What are the prime factors of 1772?
2, 443
List the prime factors of 61913.
101, 613
List the prime factors of 19226.
2, 9613
What are the prime factors of 48740?
2, 5, 2437
List the prime factors of 238.
2, 7, 17
What are the prime factors of 48002?
2, 24001
List the prime factors of 8289.
3, 307
What are the prime factors of 705?
3, 5, 47
List the prime factors of 3639.
3, 1213
What are the prime factors of 422?
2, 211
What are the prime factors of 25116?
2, 3, 7, 13, 23
List the prime factors of 11869.
11, 13, 83
List the prime factors of 73275.
3, 5, 977
What are the prime factors of 39654?
2, 3, 2203
What are the prime factors of 58830?
2, 3, 5, 37, 53
What are the prime factors of 13483?
97, 139
What are the prime factors of 593?
593
What are the prime factors of 28950?
2, 3, 5, 193
What are the prime factors of 648?
2, 3
What are the prime factors of 1426?
2, 23, 31
List the p